pose -2*m = 2*k - 4, -2*k = 5*m - 17 + 7. Suppose k = -3*a + c - 10 - 41, 6 = 2*c. Let f = 17 + a. Let y(r) = 10*r. Give y(f).
10
Let q = -30 + 34. Suppose -40 = 12*i - q. Let z(c) = -4*c - 3. What is z(i)?
9
Let p = 272 - 272. Let n(k) = k**3 + k**2 - 2*k - 4. Give n(p).
-4
Suppose 0 = 5*b - 25 - 5. Let p(y) be the second derivative of -y**4/12 + y**3 - 3*y**2/2 - 937*y. What is p(b)?
-3
Let w(s) = -2*s - 6. Let p = 110 + -75. Let j be (-6)/7*(-3)/((-15)/p). Calculate w(j).
6
Let c be (8 - 11)/(2 + -3). Let v(g) be the first derivative of c*g - 3 - 1/2*g**2. Determine v(-5).
8
Let c(r) = -r + 7. Let h = -68 + -19. Let g = h + 87. Give c(g).
7
Let c(u) = 109*u + 3*u**3 + 6 - 4*u**3 + 2*u**3 - 53*u - 49*u + 6*u**2. Give c(-5).
-4
Let y(b) = b**3 + 5*b**2 - 3*b - 3. Suppose -2 = 2*x, -5*m - 4*x - 11 = 23. Determine y(m).
-21
Let i(z) be the second derivative of -z**8/6720 + z**7/840 + z**6/240 - z**5/120 + 41*z**4/12 + 17*z. Let a(l) be the third derivative of i(l). Calculate a(4).
-5
Let m(b) = -b**2 + 118*b - 118*b - 6 - 24. What is m(0)?
-30
Let r(q) = -6*q + 18*q**2 + 8 - 17*q**2 + 10*q. Calculate r(-7).
29
Let p(x) = 5*x - 1. Let k be (-212)/(-20) - 2/(-5). Let l = -33 - k. Let s be (-8)/l - (-96)/(-44). Determine p(s).
-11
Let w(k) = -k**3 - 10*k**2 + 7*k - 6. Let f(y) = y**3 + y. Let g(j) = -2*f(j) - w(j). Let d be g(9). Let h(n) = 5*n**2 - 3 + n - 7*n - 4*n**2. Determine h(d).
-3
Let p be 1/(-3) - (-4)/12. Let h(f) be the first derivative of p + 1 + f**3 - 2. Determine h(-1).
3
Let j(d) be the second derivative of d**3/6 + 3*d**2 - 206*d. Determine j(-3).
3
Let k = 31 - 19. Suppose -k = p + 5*p. Let j(f) = -6*f**2 - 1. What is j(p)?
-25
Let g(k) = 0 + k**2 + 4*k + 2*k - 6. Let s be -2 - -4 - 106/(-1). Let x = s + -114. Give g(x).
-6
Let z(n) = -2*n**2 + 0 + 7 + 5*n - 10. Let y(u) = u**2 - 2*u + 1. Let w(r) = 14*y(r) + 6*z(r). Give w(-3).
8
Let m = -5 + 5. Let d(w) = 2 + w + 2 + m + 0. Give d(-7).
-3
Let i be (-10)/(-45)*-3*27/(-6). Let h = -4 + 9. Let t(k) = -4*k + 4 + 3*k**3 - h*k**3 + 3*k**3 - 3*k**2. Calculate t(i).
-8
Let d(t) be the second derivative of -t**3/6 + t**2/2 - 262*t. Calculate d(-10).
11
Let u(i) = -5 - 2*i - 4 - 9 - 9 + 5. What is u(-9)?
-4
Let j(l) be the third derivative of l**5/40 + 3*l**4/8 - 2*l**3/3 + 16*l**2. Let v(a) be the first derivative of j(a). Give v(-6).
-9
Suppose -2*y + 3*y - 6 = 0. Let z be ((-8)/y)/(2/(-9)). Let l(a) = -13*a**2 + a - 20. Let m(h) = -2*h**2 - h - 2. Let s(v) = -l(v) + 6*m(v). Determine s(z).
2
Suppose 13*g + 240 = 266. Let w(b) = b**2 - 3*b + 1. What is w(g)?
-1
Let x be -5 + (-21)/3 - -12. Let r(z) = -5*z - 14. What is r(x)?
-14
Let n(j) be the first derivative of -7*j**4/4 + j - 58. Calculate n(1).
-6
Suppose 3*j - 3*a = 2*a - 8, -4*a - 32 = 4*j. Let h = -4 - j. Let r(v) = h - 5*v - 4*v**3 + 0*v + 3*v**3 - 3*v**2 - 3*v**2. What is r(-5)?
2
Let o(a) = 5*a - 15. Let q(u) = -2*u + 5. Let z(c) = 4*o(c) + 11*q(c). Suppose -604*h + 110 = -582*h. Give z(h).
-15
Let y = -8 + 3. Let c(h) = -1677*h**2 + 848*h**2 - 4*h + h**3 - 2 + 834*h**2. Calculate c(y).
18
Let l(o) = o**3 - 5 + 1 + 2*o**2 + 2*o**2 - 6*o + o**2. Let x be ((-198)/(-231))/(16/(-14) + 1). What is l(x)?
-4
Let p(y) = y**2. Let t = -35 - -31. Let q be 6/36*t*(-3)/(-1). Give p(q).
4
Let p be (-1 - -4)/((-36)/10 - -3). Let r(f) = -f**3 - 6*f**2 - 3*f + 3. Calculate r(p).
-7
Let j(q) = 12*q**2 - 3*q - 1. Let h(z) = -z**3 - 3*z**2 + 18*z - 1. Let s be h(3). What is j(s)?
14
Let j(p) = -9*p. Let r(c) = 28*c. Suppose 0 = m - 4*d + 16 + 9, 0 = -3*m - 3*d. Let q(h) = m*r(h) - 16*j(h). Let f be 2/(-6) + 2/(-3). Determine q(f).
-4
Suppose -5*o - 7 = -2*a, -3*o - 6 = -3*a - 0*o. Let b(j) = 7*j - 1. Let w(z) = -16*z + 2. Let x(c) = -5*b(c) - 2*w(c). What is x(a)?
-2
Let d(y) = -y + 3. Let l(g) = g - 2. Let u(r) = -r**3 + 9*r**2 + 11*r - 6. Let t be u(10). Let s(q) = t*l(q) + 3*d(q). Calculate s(-5).
-4
Let u(i) = 2*i**2 - 5*i - 3. Let p(r) = -5*r**2 + 9*r + 6. Let o(m) = -3*p(m) - 7*u(m). Let t be ((-12)/4)/3 + (-40)/1. Let z = -47 - t. What is o(z)?
-9
Let w(h) = -2*h**2 - 3*h. Let f(x) = -3*x**2 + 2*x + 9. Let u(g) = 7*g**2 - 3*g - 19. Let o(l) = 9*f(l) + 4*u(l). Let y be o(-2). Give w(y).
-9
Suppose 13*w - 43 = -4. Let u(g) be the second derivative of -1/6*g**w + 3*g + g**2 + 0. Give u(-5).
7
Let g(j) be the second derivative of -j**5/20 - j**4/3 - j**3/2 - 3*j**2/2 + 2062*j. Let o = -1 - 1. Give g(o).
-5
Suppose -2*s + 3*s - p = 7, -5*s + 3*p = -27. Let b(w) = -s*w**2 - 3*w + 4*w**2 - 3*w + 6. Calculate b(5).
1
Let z(g) be the first derivative of g**4/4 - 17*g**3/3 - 17*g**2/2 - 18*g - 447. Determine z(18).
0
Let m(k) = k**2 + 2*k + 3. Let s be (-550)/(-14) - 20/70. Let v = s + -42. Give m(v).
6
Let a(s) = s - 7. Let m(z) = -z**3 + 15*z**2 - 3*z + 45. Let q be m(15). Calculate a(q).
-7
Suppose -2*m + m = -6. Let n(j) = -32 + 74 - j**3 + 7*j**2 - 4*j - 35. Give n(m).
19
Let v(b) = -7*b + 5*b - 5*b**2 - 5 - 1 + 39*b**3 - 40*b**3. Give v(-5).
4
Let g(p) = -17274*p + 0 - 1 + 17275*p. Give g(3).
2
Let r be ((-123)/(-21) - 7)/((-2)/7). Let a(l) = -l - 5. What is a(r)?
-9
Let k(r) = r**2 - 16*r + 2*r - 10 + 16*r. Determine k(-5).
5
Let j = 1475 - 1473. Let h(d) = 8*d + 2. Give h(j).
18
Suppose m = 4*u + 21, -17*u + 20*u + 45 = 4*m. Let w(s) = -s**3 + 9*s**2 - 3*s + 25. Give w(m).
-2
Let p(y) = -25997 - 2*y**2 + 26004 - 15*y + 3*y**2. Give p(10).
-43
Let a(j) = 2*j + 2. Let w = -8 + 11. Suppose -s + 4 = -i, -i - w*s - 2 = 2. Determine a(i).
-6
Suppose 11*f = 7*f + 24. Let m(a) = a**3 - 5*a**2 - 4*a - 7. Give m(f).
5
Let m(f) = 14*f**3 - 38*f**2 - 14*f + 17. Let y(o) = 14*o + 3. Let k be y(1). Let l(p) = -5*p**3 + 13*p**2 + 5*p - 6. Let v(u) = k*l(u) + 6*m(u). Give v(-7).
-7
Let c = -599 - -582. Let x(v) = -v**2 - 15*v + 28. What is x(c)?
-6
Suppose -30 = p - 4*p. Suppose 2*d + 3*d = p. Suppose -8 = -2*s, -2*u + 4*u - s + d = 0. Let v(f) = 7*f + 1. Determine v(u).
8
Let u(c) = -c**3 - 6*c**2 + c - 6. Suppose -6*s = -2*s + 112. Let p = -17 - s. Suppose 3*n + p = -7. Give u(n).
-12
Let s(r) = 17*r - 42. Let v be s(3). Let z(u) = u - 3. Give z(v).
6
Let t(b) = -2*b**3 + 6 + b**2 + b + 0*b**3 + b**3. Let u = 2009 + -2009. Determine t(u).
6
Let t(s) be the second derivative of 0 - 7*s - 2/3*s**3 + 0*s**2. Determine t(-1).
4
Let q(o) = 2*o**2 - 10 + 5*o**3 + 9*o**2 - 6*o**3 + o. Let n be q(11). Let t(g) = 399 + 14*g - 199 - 201. Determine t(n).
13
Let b(w) = 30 - 14*w + 13*w + 7 - 10. Give b(0).
27
Let f(q) = 10*q**2 - 6*q - 98. Let z(w) = 7*w**2 - 4*w - 66. Let p(b) = 5*f(b) - 7*z(b). Give p(7).
7
Let h = 6 + -10. Let d be (-8)/12*3*h. Suppose -2 = 5*m + 5*t + d, 3*m + 2*t = -5. Let u(w) = 4*w. Give u(m).
-4
Let t(m) = -11*m**2 - 182*m + 83. Let n be t(-17). Let u(w) = 0*w**3 + 3 + w**3 + 4*w - w**2 + 2*w**2. Determine u(n).
-9
Let k be (-114)/(-10) + (-2)/5. Let j = -7 + k. Suppose 2*n = j*n. Let m(t) = t**2 + t + 4. Give m(n).
4
Let o(u) = -u. Let s(w) = -8*w - 3. Let l(f) = 6*o(f) - s(f). Let n = 33 - 30. Suppose 4*m + 0*m + n*a + 24 = 0, 0 = -2*m - a - 12. Calculate l(m).
-9
Suppose 1 = -3*m - 11. Let v(j) = -j - 8. Give v(m).
-4
Let a(p) = -7*p**2 - 14*p - 11. Let u be (0 - -1)*(-28)/(-4). Let j(r) = -2*r**2 + 3*r**2 + u*r + 5 + 2*r**2. Let w(f) = 4*a(f) + 9*j(f). Give w(4).
13
Suppose 3*x + 3 = -0*x. Let t(c) = -c**2 - 17*c + 43. Let b be t(-19). Let z(g) = 3*g + g + b*g - 1. What is z(x)?
-10
Suppose 0 = 3*t + s + 4*s - 6, 0 = s. Let c = t - -1. Let d(a) = 5 - 1 - 3 + 6*a**2 + a**c. Give d(-6).
1
Let x(s) = -s**3 - 7*s**2 - s + 1. Let t(r) = 3*r**3 + 44*r**2 - 12*r - 12. Let j(b) = t(b) + 4*x(b). Give j(15).
-23
Let u(a) = -20*a - 9 - 40*a + 54*a + a**2. Calculate u(6).
-9
Let t(b) = 381*b - 189*b - 195*b - 1. Let h = 11 - 8. What is t(h)?
-10
Let u(v) be the first derivative of -v**4/4 - 2*v**3 - 5*v**2/2 + v - 12. Determine u(-4).
-11
Let i(u) be the first derivative of -3*u**2/2 - 5*u - 1. Let t = -12505 - -12498. What is i(t)?
16
Let n(b) = -b + 4. Let r(t) = -t**3 - 12*t**2 + 3. Let q be r(-12). What is n(q)?
1
Let x = -10 - -17. Let p(l) be the third derivative of 0 + 1/60*l**5 - 1/3*l**3 - 1/4*l**4 + 10*l**2 + 0*l. Determine p(x).
5
Let o(p) = -2*p**2 + 3*p. Let q be o(3). Let t(u) be the first derivative of -u**4/4 - 10*u**3/3 - 9*